the prime factors of 520709448.
2, 3, 7, 3099461
List the prime factors of 183306910.
2, 5, 18330691
List the prime factors of 66485954.
2, 191, 174047
What are the prime factors of 166138517?
31, 53, 101119
What are the prime factors of 219812813?
11, 199, 100417
List the prime factors of 933450.
2, 3, 5, 7, 127
What are the prime factors of 346988176?
2, 67, 173, 1871
What are the prime factors of 4963266772?
2, 1240816693
What are the prime factors of 55229880?
2, 3, 5, 113, 4073
List the prime factors of 115522757.
7, 47, 351133
List the prime factors of 5225538733.
487, 10730059
What are the prime factors of 166040335?
5, 19, 23, 75991
What are the prime factors of 1283915938?
2, 641957969
List the prime factors of 296807008.
2, 9275219
What are the prime factors of 905858640?
2, 3, 5, 43, 3251
What are the prime factors of 413251756?
2, 739, 139801
List the prime factors of 13205735.
5, 929, 2843
List the prime factors of 240861565.
5, 7, 6881759
What are the prime factors of 1112226771?
3, 37, 3019, 3319
What are the prime factors of 6812284023?
3, 149, 5080003
What are the prime factors of 1770606340?
2, 5, 88530317
List the prime factors of 51162683.
11, 13, 357781
What are the prime factors of 87227914?
2, 23, 1896259
List the prime factors of 329154126.
2, 3, 7, 7837003
List the prime factors of 266671796.
2, 31, 47, 45757
What are the prime factors of 38095620?
2, 3, 5, 634927
List the prime factors of 3138217231.
107, 4999, 5867
What are the prime factors of 2223644453?
9833, 226141
What are the prime factors of 672993170?
2, 5, 67299317
List the prime factors of 59438872.
2, 37, 200807
What are the prime factors of 2907630333?
3, 41, 7879757
List the prime factors of 638657802.
2, 3, 17, 67, 31151
What are the prime factors of 872642872?
2, 137, 709, 1123
List the prime factors of 701037546.
2, 3, 11, 263, 40387
List the prime factors of 995204827.
995204827
List the prime factors of 457649832.
2, 3, 19068743
What are the prime factors of 642332176?
2, 229, 175309
List the prime factors of 557873492.
2, 11, 2351, 5393
What are the prime factors of 3824226178?
2, 19, 3931, 25601
What are the prime factors of 409775604?
2, 3, 7, 4878281
What are the prime factors of 4896767089?
4896767089
What are the prime factors of 554510164?
2, 13, 79, 347, 389
What are the prime factors of 44245236?
2, 3, 7, 47, 1601
List the prime factors of 258310900.
2, 5, 2583109
List the prime factors of 11132083.
11132083
List the prime factors of 58909606.
2, 7, 53, 79393
What are the prime factors of 1167662669?
1167662669
List the prime factors of 22617490.
2, 5, 7, 97, 3331
List the prime factors of 515659508.
2, 7, 13, 191, 7417
What are the prime factors of 1072134346?
2, 10607, 50539
What are the prime factors of 1196101427?
31, 449, 85933
List the prime factors of 544982423.
544982423
What are the prime factors of 45831882?
2, 3, 73, 104639
List the prime factors of 1634262057.
3, 67, 461, 5879
List the prime factors of 6683746417.
11057, 604481
What are the prime factors of 43203206?
2, 21601603
What are the prime factors of 3283617038?
2, 13, 126292963
What are the prime factors of 68899199?
68899199
List the prime factors of 539250686.
2, 13, 23, 109, 8273
What are the prime factors of 100638081?
3, 83, 199, 677
List the prime factors of 101302564.
2, 11, 2302331
What are the prime factors of 62795742?
2, 3, 10465957
List the prime factors of 38520704.
2, 151, 1993
List the prime factors of 44789315.
5, 911, 9833
What are the prime factors of 4233149673?
3, 41, 101, 8311
What are the prime factors of 25508291?
25508291
What are the prime factors of 3001519505?
5, 12689, 47309
What are the prime factors of 1407982590?
2, 3, 5, 7, 163, 13711
List the prime factors of 148990832.
2, 487, 19121
List the prime factors of 26279130.
2, 3, 5, 149, 5879
What are the prime factors of 1148640233?
13, 88356941
What are the prime factors of 172451503?
7, 24635929
List the prime factors of 206237154.
2, 3, 29, 233, 5087
List the prime factors of 1211876096.
2, 37, 97, 1319
List the prime factors of 158019930.
2, 3, 5, 17, 173, 199
What are the prime factors of 475374438?
2, 3, 7, 11, 29, 11827
List the prime factors of 7208786569.
23, 61, 709, 7247
What are the prime factors of 962023602?
2, 3, 160337267
List the prime factors of 225536275.
5, 23, 37, 10601
What are the prime factors of 1599697637?
17, 94099861
What are the prime factors of 903402341?
31, 3389, 8599
List the prime factors of 64456071.
3, 21485357
What are the prime factors of 4382172870?
2, 3, 5, 146072429
What are the prime factors of 1020849550?
2, 5, 7, 107, 27259
What are the prime factors of 134668345?
5, 7, 37, 103991
What are the prime factors of 52531464?
2, 3, 2188811
What are the prime factors of 2000638912?
2, 53, 589811
What are the prime factors of 1101723088?
2, 68857693
What are the prime factors of 151024565?
5, 37, 673, 1213
List the prime factors of 33390609.
3, 7, 227147
What are the prime factors of 100339234?
2, 263, 190759
List the prime factors of 227523967.
11, 20683997
List the prime factors of 358177969.
1193, 300233
What are the prime factors of 37975692?
2, 3, 367, 8623
What are the prime factors of 479378686?
2, 103, 2327081
List the prime factors of 3873344905.
5, 774668981
What are the prime factors of 7578596?
2, 107, 17707
What are the prime factors of 1034407797?
3, 197, 1750267
What are the prime factors of 113143429?
7, 47, 343901
List the prime factors of 121803629.
659, 184831
What are the prime factors of 1785083415?
3, 5, 5099, 23339
List the prime factors of 866887358.
2, 17, 83, 307189
List the prime factors of 100674541.
11, 353, 2357
What are the prime factors of 1222129201?
17, 677, 106189
What are the prime factors of 492801148?
2, 7, 127, 139, 997
What are the prime factors of 43917401?
11, 107, 37313
List the prime factors of 7800143481.
3, 13, 22222631
What are the prime factors of 84206712?
2, 3, 17, 173, 1193
What are the prime factors of 714460916?
2, 13, 41, 335113
List the prime factors of 94295712.
2, 3, 7, 140321
What are the prime factors of 144972382?
2, 151, 277, 1733
List the prime factors of 4705625.
5, 7529
List the prime factors of 73456067.
359, 204613
List the prime factors of 509453596.
2, 53, 2403083
List the prime factors of 648876784.
2, 40554799
What are the prime factors of 1134734598?
2, 3, 17, 3708283
What are the prime factors of 15836303?
7, 2262329
List the prime factors of 4077686363.
4077686363
List the prime factors of 11604874.
2, 113, 51349
What are the prime factors of 392797227?
3, 149, 503, 1747
What are the prime factors of 28945781?
17, 61, 103, 271
What are the prime factors of 24734526?
2, 3, 4122421
What are the prime factors of 95009571?
3, 3518873
What are the prime factors of 2713214140?
2, 5, 7, 13, 1213, 1229
What are the prime factors of 785231751?
3, 17, 191, 80611
List the prime factors of 852958765.
5, 17, 10034809
List the prime factors of 1501558783.
89, 16871447
List the prime factors of 2825360982.
2, 3, 139, 311, 3631
List the prime factors of 489180649.
489180649
What are the prime factors of 1273364237?
28031, 45427
List the prime factors of 2311912249.
5189, 445541
List the prime factors of 839535648.
2, 3, 7, 641, 1949
List the prime factors of 160508970.
2, 3, 5, 1171, 1523
What are the prime factors of 1907442554?
2, 953721277
List the prime factors of 1129018135.
5, 7, 23, 947, 1481
What are the prime factors of 1214504059?
5521, 219979
List the prime factors of 294537306.
2, 3, 7, 7012793
What are the prime factors of 453078891?
3, 50342099
List the prime factors of 453341134.
2, 9391, 24137
List the prime factors of 745774439.
2381, 313219
List the prime factors of 993821096.
2, 124227637
What are the prime factors of 274678442?
2, 131, 1048391
List the prime factors of 159994793.
7, 22856399
List the prime factors of 749832810.
2, 3, 5, 211, 118457
List the prime factors of 478137096.
2, 3, 6640793
What are the prime factors of 1527349831?
7, 218192833
List the prime factors of 245161424.
2, 103, 148763
List the prime factors of 1909389830.
2, 5, 2341, 81563
What are the prime factors of 2034558570?
2, 3, 5, 11, 19, 324491
What are the prime factors of 80927618?
2, 40463809
W